 Suppose -2*k = 5*c - 9, -2*k = -c + 3*c. Suppose -54 = -2*s - n, c*s - 5*n = -3*n + 74. What is the highest common factor of s and b?
13
Suppose 4*r + 20 = 24*r. Suppose -8*h + n = -5*h - 11, 4*n = 3*h + r. What is the greatest common factor of 4 and h?
1
Let b be ((-658)/3)/(-2) - (-8)/24. Suppose -b = -t - 96. Calculate the greatest common divisor of t and 2.
2
Let y(k) = 3*k**2 + k - 1. Let s be y(1). Let o be (680/(-110) - -8) + 6/33. What is the greatest common divisor of s and o?
1
Let d = -2 + 15. Let n(x) be the second derivative of x**4/12 - 3*x**3/2 - 11*x**2 - 83*x - 2. Let q be n(d). Calculate the highest common divisor of q and 12.
6
Let a be (-6)/(-10) - (-2)/5. Let n = 654 + -643. What is the greatest common divisor of n and a?
1
Let q(n) = n**3 + 26*n**2 - 36*n - 87. Let c be q(-27). What is the greatest common factor of c and 24?
12
Let u be -2*(-2 - (2 - 2)). Let b = -89 - -91. What is the greatest common factor of b and u?
2
Suppose 152 = 18*z - 10*z. Let v = -336 - -488. Calculate the greatest common factor of v and z.
19
Suppose 792 = -s - 7*s. Let k = 131 + s. What is the greatest common factor of k and 4?
4
Suppose 0 = 5*v - 75 - 105. Let y = -30 + v. Suppose -6 = -3*w + y. Calculate the greatest common divisor of w and 28.
4
Suppose 3*c - 7*k + 110 = -3*k, c + 40 = 2*k. Let z be c/(1/4 - 1). Calculate the highest common divisor of z and 10.
10
Let u(l) = l**3 + 6*l**2 + 2*l - 6. Let k be u(-6). Let m = 45 + k. Calculate the greatest common divisor of 243 and m.
27
Suppose 0 = 4*f + 8 + 20. Let d = 42 + f. Let n = 16 + -9. What is the greatest common factor of n and d?
7
Suppose -h = -v + 35, 0 = -2*v + 6*v - h - 125. Let j = 1230 - 1218. What is the highest common factor of j and v?
6
Let v = 654 + -634. What is the highest common factor of v and 35?
5
Let g = -52 + 196. Calculate the highest common factor of 252 and g.
36
Suppose -2*p = -6*p + 240. Let c be (-22 - -4)*(-3 + 2)*1. Suppose 0 = 5*y - 42 - c. What is the greatest common factor of p and y?
12
Let y be (-58 + 6/(-3))*(-20)/25. Let b = y - 44. Calculate the greatest common divisor of 4 and b.
4
Suppose -655 = 4*f - 703. Calculate the highest common factor of 2244 and f.
12
Let a(c) = 40*c. Let r be 48/15 - (-1 + (-24)/(-20)). Let n be a(r). What is the highest common factor of 30 and n?
30
Let f = 60 - 37. What is the greatest common divisor of f and 115?
23
Let f(i) = 7 - 2 + 2*i + 16. Let u be f(15). Let p = -30 + u. Calculate the greatest common factor of 189 and p.
21
Let i(c) = c**3 + 3*c**2 + c - 1. Let r be i(-2). Let b be r - (3 + 2*-14). Calculate the greatest common factor of 13 and b.
13
Suppose -c = 3*q - 52, q + c = -3*q + 70. Let l = 0 + 3. Suppose 9 = 2*j + l. Calculate the greatest common divisor of q and j.
3
Suppose -12 = -50*z + 46*z. Calculate the greatest common factor of z and 5.
1
Let w be ((-58)/(-30) + (-36)/60)*39. Let q be (-8 + 1)/(-2*2/w). Calculate the greatest common divisor of q and 7.
7
Let m be (-2 - (-54)/(-3))*-13. What is the greatest common factor of m and 20?
20
Suppose -y - 4 = -1. Let h(s) = 4*s + 8. Let k be h(y). Let m be (-22)/k*6/3. What is the highest common factor of 11 and m?
11
Let m(h) = 2*h**2 - 8*h - 8. Let q be m(7). Let r = 129 - q. What is the highest common divisor of r and 19?
19
Let i(v) = -73*v - 4. Let p be i(2). Let n be (3/(-6))/(5/p). Suppose -3*h = 12, 5*q = -h + n + 1. Calculate the highest common factor of q and 10.
2
Suppose 88 = 7*p + 25. Suppose 0 = -5*g - p - 11. Let f be (-1)/((g/(-2))/(-6)). Calculate the greatest common divisor of f and 15.
3
Suppose -6*g - 1000 = -31*g. Calculate the highest common factor of 20 and g.
20
Let a = -123 - -132. What is the highest common divisor of a and 117?
9
Let i be 494/133*21/9*3. Suppose 2*b - 60 = -5*r + 76, -63 = -3*r + 5*b. What is the greatest common divisor of r and i?
26
Let s(k) = -k**2 + 6*k - 8. Let u be s(6). Let w be (1 - -1) + u/4. Suppose -4*p + 23 + 21 = w. What is the greatest common factor of p and 22?
11
Let v(w) be the first derivative of w**3/3 + 13*w**2/2 - 9*w + 1. Let g be v(6). Calculate the greatest common divisor of 21 and g.
21
Suppose -42*i = -23*i - 13338. Calculate the greatest common factor of i and 162.
54
Let g be ((-24)/15)/(3/75). Let n = 42 + g. Calculate the greatest common divisor of n and 3.
1
Suppose 8 = -2*m - 3*s, 3*m + 0*s + 2*s = -2. Suppose 5*g - m*c = 26, -c + 2 = -0*c. Calculate the greatest common factor of 2 and g.
2
Let o = -775 + 777. Calculate the highest common divisor of o and 142.
2
Suppose -8*x + 3*x = -45. Suppose 6*q - 34 = 38. Suppose -24 = -6*m + q. What is the greatest common factor of x and m?
3
Suppose h - 5*r = 296, 0 = h + 4*r - 77 - 237. What is the greatest common divisor of h and 12?
6
Suppose -5*p + 92 = -2*m + 19, 4*p - 61 = -m. What is the greatest common divisor of p and 960?
15
Let q be 9/(-6)*20/(-6). Suppose 199 + 171 = 4*h - 2*u, -425 = -q*h - 5*u. What is the highest common factor of h and 18?
18
Let c(j) = j**3 - j**2 + j + 48. Let q be c(0). Suppose b - 2*d - 46 = -4*d, b + 4*d = 60. What is the greatest common divisor of q and b?
16
Suppose j = 10*j - 27. Suppose 3*d = -j*z - 2*z + 7, 2*z + 10 = 2*d. Calculate the greatest common divisor of d and 10.
2
Suppose -2066 - 2764 = -15*r. Calculate the highest common factor of 138 and r.
46
Let n be (-1 - (-57)/21) + (-28)/(-98). Suppose -n*x + 27 = 19. What is the highest common factor of x and 4?
4
Let c = 802 + -801. What is the greatest common factor of 547 and c?
1
Let l(k) = k**3 + 12*k**2 - 11*k + 12. Let n be (3/6)/((-4)/96). Let j be l(n). What is the highest common factor of 16 and j?
16
Suppose 3*c = 2*b + 362, -4*c = -5*b - 178 - 314. Let w = 173 - c. What is the highest common divisor of w and 22?
11
Let b(o) = -o**3 - 17*o**2 + 17*o + 34. Let a be b(-18). What is the greatest common divisor of 78 and a?
26
Suppose 99 = -3*c + 33. Let m be (1080/55)/2 + (-4)/c. What is the greatest common factor of m and 20?
10
Suppose -3*z + 6*z - 6 = 0. Suppose 2*f = 2*k, z = -4*f + 3*k + 2*k. Let r(w) = w**2 - 6*w + 9. Let b be r(4). What is the highest common factor of f and b?
1
Suppose -4*q = -5*q + 5, u - 3*q = 3. What is the greatest common factor of 558 and u?
18
Suppose 5*o - 401 - 239 = 0. What is the greatest common factor of o and 16?
16
Suppose 3*u = -5*r, r = 3*u - r. Suppose u = -2*i + 24 - 8. Suppose -31*k = -36*k + 360. What is the greatest common divisor of k and i?
8
Let l be (-29 - 2)*1/(-1). Suppose -3*m - 28 = -b, -m - 3*m = 5*b + l. Let h(i) = i + 12. Let y be h(m). What is the greatest common divisor of 24 and y?
3
Suppose 10*p = -30*p + 7560. Suppose 2*s = -m + 170, -4*m - 538 = -5*s - 87. Let h = s - 60. Calculate the highest common divisor of p and h.
27
Suppose 0 = 4*p + 5 - 565. What is the highest common factor of 56 and p?
28
Let h = 22 - 10. Suppose 5*a = 23 + h. What is the highest common factor of 63 and a?
7
Suppose -4*a = 4*o - 372, 5*o = -8*a + 9*a + 465. Calculate the greatest common divisor of 124 and o.
31
Let b be ((-660)/(-16))/((-1)/(-4)). Let n be -4 + (-2 - -4) + 17. What is the greatest common factor of b and n?
15
Let b(j) = j**3 - 15*j + 7. Let g be b(5). What is the highest common divisor of g and 456?
57
Suppose -5*j = -10, -7*m + 4*j + 96 = -5*m. Calculate the greatest common factor of m and 78.
26
Suppose -40*u - 61*u - 2*u = -8755. Suppose -43 = -i - 3*x, 0 = 3*i - 2*x - 66 - 30. Calculate the highest common divisor of i and u.
17
Let a be (944/24)/(7/63). What is the greatest common factor of 6 and a?
6
Let i = 38 - 22. Let j be (i/(-4) - 0) + 79. Calculate the greatest common factor of 25 and j.
25
Let k be (-284)/(-36)*3 + 9/27. Calculate the highest common divisor of 120 and k.
24
Suppose -3*y - 15 = 0, 5*y + 259 = -4*v + 2*y. Let k be 3 - v/(0 - -1). Calculate the highest common factor of k and 16.
16
Suppose 3*l + 158 = 5*l - 5*y, -5*l - 4*y + 428 = 0. Suppose -4*q + 44 = 4*i, 3*i - 2*q = -16 + 54. What is the highest common factor of l and i?
12
Let f(m) = 5*m - 53. Let t be f(16). Let l = -53 + 188. Calculate the greatest common factor of t and l.
27
Let z be (666/9)/(1*1/1). Calculate the greatest common divisor of z and 2368.
74
Let c be 8/(-3)*(-153)/12. Calculate